rime factors of 126544512?
2, 3, 157, 2099
What are the prime factors of 4597692?
2, 3, 11, 61, 571
What are the prime factors of 2472552728?
2, 4111, 75181
What are the prime factors of 282256878?
2, 3, 47042813
What are the prime factors of 373370469?
3, 71, 1752913
What are the prime factors of 387306665?
5, 17, 1847, 2467
What are the prime factors of 1890631889?
1890631889
List the prime factors of 61321701.
3, 7, 883, 3307
List the prime factors of 714726299.
7, 37, 394223
What are the prime factors of 3528498784?
2, 17, 37, 175303
What are the prime factors of 1011136303?
3187, 317269
What are the prime factors of 3112463374?
2, 1556231687
List the prime factors of 1278073211.
151, 167, 50683
What are the prime factors of 13712431?
13712431
List the prime factors of 1409915690.
2, 5, 113, 151, 8263
List the prime factors of 632610116.
2, 73, 409, 5297
List the prime factors of 526106152.
2, 11, 13, 459883
What are the prime factors of 205826609?
23, 313, 28591
What are the prime factors of 207067702?
2, 163, 409, 1553
What are the prime factors of 47613967?
47613967
What are the prime factors of 5918835?
3, 5, 13, 127, 239
What are the prime factors of 144018267?
3, 4363, 11003
List the prime factors of 152391700.
2, 5, 1523917
List the prime factors of 606410545.
5, 13, 113, 82561
List the prime factors of 402001072.
2, 11, 67, 73, 467
What are the prime factors of 66475312?
2, 71, 163, 359
List the prime factors of 91713438.
2, 3, 31, 54787
What are the prime factors of 13490403?
3, 4496801
What are the prime factors of 5731236?
2, 3, 7, 19
List the prime factors of 787657513.
787657513
List the prime factors of 280300405.
5, 7, 11, 467, 1559
List the prime factors of 2071330249.
29, 127, 562403
List the prime factors of 1748097581.
22937, 76213
What are the prime factors of 68512256?
2, 133813
List the prime factors of 3854339.
1579, 2441
What are the prime factors of 154594045?
5, 47, 461, 1427
What are the prime factors of 120725203?
120725203
What are the prime factors of 151482494?
2, 75741247
What are the prime factors of 639210646?
2, 79, 751, 5387
What are the prime factors of 934322661?
3, 1637, 21139
List the prime factors of 834079415.
5, 13, 17, 193, 3911
What are the prime factors of 516513817?
173, 2985629
List the prime factors of 123618915.
3, 5, 7, 8009
List the prime factors of 107327691.
3, 11925299
List the prime factors of 75308587.
61, 127, 9721
What are the prime factors of 5657363729?
45553, 124193
List the prime factors of 574171350.
2, 3, 5, 3827809
List the prime factors of 740093082.
2, 3, 123348847
What are the prime factors of 155769301?
155769301
What are the prime factors of 379657109?
13, 601, 48593
List the prime factors of 15622095.
3, 5, 47, 22159
What are the prime factors of 147804694?
2, 227, 379, 859
List the prime factors of 2000789498.
2, 11593, 86293
What are the prime factors of 1708870249?
11393, 149993
List the prime factors of 17872748.
2, 23, 194269
List the prime factors of 2679032615.
5, 7, 29, 127, 2969
List the prime factors of 46513607.
7, 6644801
List the prime factors of 5425698.
2, 3, 904283
What are the prime factors of 119057171?
17, 281, 24923
List the prime factors of 192159014.
2, 96079507
What are the prime factors of 62390936?
2, 43, 67, 2707
List the prime factors of 28407946.
2, 7, 41411
List the prime factors of 368829040.
2, 5, 4610363
List the prime factors of 142503738.
2, 3, 13, 29, 73, 863
List the prime factors of 121535960.
2, 5, 7, 13, 173, 193
List the prime factors of 4501287976.
2, 947, 594151
What are the prime factors of 394991067?
3, 131663689
List the prime factors of 1956896422.
2, 13, 53, 1420099
What are the prime factors of 47373140?
2, 5, 79, 29983
What are the prime factors of 63478299?
3, 317, 66749
List the prime factors of 86821727.
61, 1423307
List the prime factors of 216851502.
2, 3, 7, 29, 178039
List the prime factors of 643021702.
2, 17, 419, 45137
What are the prime factors of 1089749395?
5, 7, 31135697
List the prime factors of 1127505957.
3, 375835319
List the prime factors of 3621322654.
2, 269, 6731083
What are the prime factors of 40441817?
13, 103, 30203
List the prime factors of 138530993.
43, 673, 4787
What are the prime factors of 266590422?
2, 3, 7, 89, 23773
List the prime factors of 337033675.
5, 11, 1225577
What are the prime factors of 18277302?
2, 3, 73, 41729
What are the prime factors of 71812050?
2, 3, 5, 478747
What are the prime factors of 2090659867?
59, 137, 181, 1429
What are the prime factors of 7359590109?
3, 359, 463, 14759
List the prime factors of 20307577.
20307577
What are the prime factors of 249213643?
7, 35601949
List the prime factors of 6131099958.
2, 3, 31, 1913, 17231
List the prime factors of 298394377.
298394377
What are the prime factors of 3119628466?
2, 419, 751, 4957
List the prime factors of 1798863941.
7, 127, 289067
What are the prime factors of 193935839?
23, 8431993
What are the prime factors of 143474575?
5, 23, 249521
List the prime factors of 8353245521.
29, 463, 622123
List the prime factors of 377223770.
2, 5, 7, 11, 489901
What are the prime factors of 2737683788?
2, 7, 89, 331, 3319
List the prime factors of 111526373.
7, 29, 549391
List the prime factors of 240675448.
2, 13, 2314187
What are the prime factors of 351451067?
11, 31950097
List the prime factors of 36602005.
5, 11, 677, 983
List the prime factors of 2026822458.
2, 3, 43, 461, 17041
List the prime factors of 38679177.
3, 197, 65447
List the prime factors of 59609947.
397, 150151
List the prime factors of 1564693.
13, 37, 3253
List the prime factors of 1201301993.
911, 1318663
What are the prime factors of 350832365?
5, 13, 487, 11083
What are the prime factors of 318109083?
3, 17, 61, 102253
List the prime factors of 544294488.
2, 3, 22678937
What are the prime factors of 666892509?
3, 181, 1228163
What are the prime factors of 679132239?
3, 43, 109, 48299
What are the prime factors of 25103112?
2, 3, 1045963
List the prime factors of 129239404.
2, 7, 1433, 3221
List the prime factors of 73431121.
73431121
What are the prime factors of 511750351?
7, 19, 53, 3821
What are the prime factors of 477344827?
477344827
List the prime factors of 1312449015.
3, 5, 31, 37, 76283
List the prime factors of 3425116846.
2, 1712558423
List the prime factors of 418074006.
2, 3, 7, 9954143
List the prime factors of 105745161.
3, 1697, 20771
List the prime factors of 42091121.
79, 677, 787
List the prime factors of 1101508276.
2, 11, 29, 863251
What are the prime factors of 42449963?
42449963
List the prime factors of 195409709.
11, 31, 757
List the prime factors of 116394963.
3, 38798321
What are the prime factors of 1413768334?
2, 11, 64262197
List the prime factors of 110353576.
2, 13794197
List the prime factors of 89019644.
2, 7, 1213, 2621
List the prime factors of 1129783234.
2, 37, 15267341
List the prime factors of 2101725111.
3, 700575037
List the prime factors of 1989382431.
3, 7459, 88903
List the prime factors of 1279774898.
2, 809, 790961
List the prime factors of 1177209337.
1177209337
List the prime factors of 90007357.
11, 8182487
What are the prime factors of 332736165?
3, 5, 7394137
What are the prime factors of 29530468?
2, 11, 29, 23143
List the prime factors of 43188608.
2, 337411
List the prime factors of 17117769.
3, 277, 20599
List the prime factors of 181432725.
3, 5, 2419103
What are the prime factors of 793655497?
181, 4384837
What are the prime factors of 515899564?
2, 163, 791257
What are the prime factors of 4307699376?
2, 3, 2129, 14051
List the prime factors of 384910887.
3, 128303629
List the prime factors of 11358844.
2, 7, 509, 797
List the prime factors of 28843749.
3, 11, 97117
List the prime factors of 584777738.
2, 31, 1087, 8677
List the prime factors of 331312261.
7, 1999, 23677
List the prime factors of 43314706.
2, 2131, 10163
List the prime factors of 475647548.
2, 118911887
What are the prime factors of 860786574?
2, 3, 37, 3877417
What are the prime factors of 71430657?
3, 2633, 9043
List the prime factors of 145803664.
2, 31, 61, 79
List the prime factors of 237305406.
2, 3, 13, 234029
List the prime factors of 43440378.
2, 3, 7240063
What are the prime factors of 13257236?
2, 3314309
Lis